 3
22111200
Convert 40104 (base 6) to base 9.
7144
What is -198 (base 13) in base 2?
-100100110
Convert 24144 (base 5) to base 15.
7ee
103 (base 4) to base 12
17
What is 45123 (base 6) in base 3?
22122220
What is -101100 (base 5) in base 11?
-2508
212200 (base 4) to base 13
1177
What is 450251 (base 6) in base 2?
1001001100110111
279 (base 12) to base 16
17d
-93b (base 13) to base 15
-6eb
What is -11014 (base 5) in base 10?
-759
What is -20203 (base 4) in base 7?
-1411
What is -52a (base 14) in base 6?
-4414
What is 101110110000 (base 2) in base 4?
232300
Convert -4a5 (base 11) to base 2.
-1001010111
What is 51c (base 13) in base 6?
4010
Convert -1a5 (base 15) to base 7.
-1052
Convert -1a0 (base 16) to base 7.
-1133
What is 696d (base 15) in base 13?
a255
Convert -2320 (base 6) to base 2.
-1000101000
Convert 2573 (base 15) to base 8.
17457
What is 244240 (base 5) in base 7?
36113
Convert 1317 (base 11) to base 5.
23322
What is 2078 (base 9) in base 13?
908
Convert 212357 (base 8) to base 5.
4232040
Convert 3789 (base 10) to base 13.
1956
What is -11001000010111 (base 2) in base 3?
-122120221
7c99 (base 16) to base 7
161665
Convert -25b7 (base 15) to base 11.
-6056
What is 99 (base 11) in base 12?
90
Convert -10302 (base 4) to base 10.
-306
Convert 9508 (base 10) to base 16.
2524
-14497 (base 13) to base 10
-38149
What is -2394 (base 11) in base 8?
-6070
3413 (base 12) to base 2
1011010001111
What is 702 (base 8) in base 9?
550
Convert -310030 (base 5) to base 2.
-10011100011111
What is 224 (base 12) in base 14?
188
c32 (base 16) to base 3
11021122
1210021 (base 3) to base 10
1303
What is 1001002110 (base 3) in base 4?
10333332
What is 92b0 (base 12) in base 8?
37144
What is 10000000010 (base 2) in base 16?
402
2228 (base 9) to base 16
66e
414 (base 10) to base 15
1c9
What is -1043 (base 9) in base 15?
-363
11335 (base 6) to base 13
995
What is 28959 (base 10) in base 12?
14913
What is -2344 (base 5) in base 2?
-101011101
Convert -2283 (base 9) to base 10.
-1695
Convert -556 (base 7) to base 12.
-1ba
What is 217 (base 13) in base 5?
2413
12102 (base 4) to base 9
486
Convert 3025 (base 8) to base 7.
4353
Convert -61a (base 12) to base 7.
-2404
-546 (base 7) to base 11
-234
What is -2a19 (base 13) in base 12?
-364a
Convert -5080 (base 9) to base 10.
-3717
Convert 10001110111110 (base 2) to base 9.
13486
Convert -306 (base 10) to base 15.
-156
What is 576 (base 9) in base 6?
2110
46121 (base 9) to base 15
917d
518a (base 11) to base 4
1223122
What is 1508 (base 10) in base 3?
2001212
-b71 (base 13) to base 7
-5455
202222 (base 3) to base 6
2342
-4036 (base 7) to base 2
-10101110111
Convert -221020221 (base 3) to base 10.
-18412
What is 1848 (base 12) in base 9?
4022
-a60 (base 14) to base 4
-133330
-25618 (base 13) to base 11
-47a47
-6b (base 15) to base 5
-401
What is -142522 (base 6) in base 2?
-11010100010010
-10100010010111 (base 2) to base 8
-24227
31242 (base 5) to base 14
a80
-12441 (base 6) to base 10
-1897
-23675 (base 8) to base 14
-39c9
Convert 9830 (base 13) to base 4.
11022230
13fa (base 16) to base 3
21000102
What is 33bd (base 16) in base 6?
141153
2522 (base 7) to base 2
1110110011
Convert -32545 (base 7) to base 15.
-2647
Convert 2bc (base 15) to base 8.
1163
1420002 (base 5) to base 15
8a87
What is -1511 (base 12) in base 11?
-1938
What is -111100 (base 3) in base 16?
-168
What is 1854 (base 10) in base 5?
24404
Convert 1000111000110 (base 2) to base 4.
1013012
Convert -293 (base 12) to base 8.
-617
Convert 12806 (base 9) to base 8.
20741
What is 4bc (base 13) in base 7?
2265
Convert -13174 (base 8) to base 2.
-1011001111100
-10245 (base 8) to base 9
-5754
Convert -13ed7 (base 15) to base 7.
-354613
What is -1413 (base 12) in base 7?
-6522
What is b21 (base 14) in base 7?
6241
Convert 19150 (base 12) to base 7.
211251
216 (base 11) to base 10
259
Convert 21115 (base 13) to base 4.
32201302
-121343 (base 6) to base 13
-4b57
333 (base 7) to base 11
146
Convert -ded3 (base 15) to base 14.
-132d1
What is -1100010 (base 2) in base 8?
-142
-22120100 (base 3) to base 10
-6246
-326a (base 11) to base 16
-10d7
Convert 20002101 (base 4) to base 16.
8091
What is 243 (base 15) in base 14?
289
Convert 15 (base 11) to base 5.
31
What is -33453 (base 6) in base 16?
-1269
What is 5663 (base 7) in base 9?
2732
23659 (base 11) to base 13
12675
-5001 (base 6) to base 11
-8a3
2612 (base 14) to base 6
50532
Convert -66502 (base 7) to base 12.
-9807
What is 379 (base 10) in base 9?
461
What is -31312 (base 5) in base 2?
-100000100010
What is 20613 (base 9) in base 5?
413440
What is -40114 (base 5) in base 4?
-213212
What is -349 (base 10) in base 9?
-427
-867 (base 11) to base 13
-621
Convert 1001101111011 (base 2) to base 12.
2a77
2703 (base 13) to base 9
7580
20103033 (base 4) to base 5
2041444
-10215 (base 7) to base 14
-cb5
134523 (base 6) to base 7
52044
28a60 (base 11) to base 10
41206
Convert -63a (base 15) to base 6.
-10301
What is 1010000100001 (base 2) in base 14?
1c41
100101002 (base 3) to base 5
204313
4887a (base 11) to base 8
211173
Convert 1b5c (base 13) to base 5.
113013
Convert 1000011101101 (base 2) to base 16.
10ed
What is 4083 (base 9) in base 15?
d46
What is -10d1 (base 16) in base 11?
-3264
Convert -6540 (base 8) to base 2.
-110101100000
5025 (base 7) to base 13
a35
Convert 103022 (base 4) to base 2.
10011001010
2938 (base 10) to base 13
1450
Convert 16 (base 13) to base 10.
19
3331 (base 6) to base 2
1100000111
What is 11351 (base 6) in base 14?
85d
331 (base 8) to base 15
e7
230 (base 16) to base 15
275
Convert 11132 (base 5) to base 11.
660
403222 (base 5) to base 2
11001010001001
Convert -101122 (base 3) to base 10.
-287
-1240121 (base 5) to base 7
-131112
e33e (base 16) to base 4
32030332
1101020212 (base 3) to base 6
325422
What is -42888 (base 10) in base 5?
-2333023
Convert -220202202 (base 3) to base 2.
-100011010001000
Convert -16c (base 13) to base 12.
-197
23211 (base 4) to base 7
2106
What is 42a1a (base 11) in base 15?
1378c
Convert 21212 (base 4) to base 9.
752
What is -16a7 (base 12) in base 5?
-41334
What is -12d11 (base 15) in base 3?
-10001201221
-74c (base 16) to base 15
-848
-63170 (base 8) to base 9
-38876
63 (base 9) to base 10
57
Convert -44430 (base 8) to base 10.
-18712
What is 5598 (base 12) in base 5?
300401
Convert -10101001011 (base 2) to base 13.
-803
What is -101100001 (base 2) in base 11?
-2a1
Convert -53 (base 14) to base 8.
-111
-3485 (base 12) to base 8
-13345
-111425 (base 6) to base 15
-2bee
What is 608 (base 11) in base 6?
3222
Convert -638 (base 13) to base 2.
-10000100101
What is -10100 (base 6) in base 15?
-5dc
Convert 1e7 (base 15) to base 2.
110111010
Convert -19247 (base 10) to base 11.
-13508
-250105 (base 6) to base 12
-10935
What is 22a9 (base 13) in base 16?
1307
What is 717 (base 9) in base 3?
210121
Convert -2005 (base 8) to base 9.
-1363
What is -2063 (base 12) in base 3?
-11211210
What is -10010100000 (base 2) in base 13?
-701
What is 45d9 (base 16) in base 12?
a421
What is -1034 (base 15) in base 14?
-1368
Convert -102200 (base 3) to base 4.
-10323
Convert -1010001000011 (base 2) to base 15.
-180c
-564 (base 9) to base 7
-1231
-30401 (base 9) to base 7
-112222
Convert -213132 (base 4) to base 12.
-1566
1b589 (base 14) to base 5
4212301
4320 (base 5) to base 2
1001001001
-210100212 (base 3) to base 7
-63260
-5444 (base 6) to base 12
-884
What is -254 (base 7) in base 11?
-115
What is 8394 (base 10) in base 9?
12456
Convert 672 (base 9) to base 10.
551
3840 (base 9) to base 6
21143
4139 (base 11) to base 6
41223
Convert 1fbc (base 16) to base 11.
6116
10221 (base 7) to base 8
4722
What is 13014 (base 6) in base 14?
9d8
430 (base 12) to base 15
2ac
What is 37ae (base 16) in base 3?
201112221
35015 (base 6) to base 5
124404
Convert -54245 (base 6) to base 7.
-30464
-320422 (base 5) to base 14
-3cad
Convert -102162 (base 7) to base 8.
-42262
-5430 (base 8) to base 9
-3805
16641 (base 9) to base 6
125014
What is 1280 (base 11) in base 7?
4562
-17c (base 14) to base 7
-615
Convert 9881 (base 12) to base 5.
1014201
-100001011011 (base 2) to base 7
-6144
Convert -1523 (base 6) to base 3.
-120020
411 (base 5) to base 2
1101010
3228 (base 10) to base 6
22540
What is 2408 (base 10) i